{"id":39,"date":"2012-02-25T16:11:27","date_gmt":"2012-02-25T13:11:27","guid":{"rendered":"http:\/\/www.idaco.sk\/test\/?page_id=39"},"modified":"2015-09-15T15:40:03","modified_gmt":"2015-09-15T12:40:03","slug":"kontakt","status":"publish","type":"page","link":"https:\/\/www.penzionrotunda.sk\/?page_id=39","title":{"rendered":"KONTAKT"},"content":{"rendered":"<table style=\"width: 450px;\" border=\"10\" cellspacing=\"1\" cellpadding=\"100\">\n<tbody>\n<tr>\n<td>\n<h2>Re\u0161taur\u00e1cia ROTUNDA<\/h2>\n<\/td>\n<td>Telef\u00f3n: +421 44 5526644<\/td>\n<\/tr>\n<tr>\n<td>N\u00e1mestie mieru 3<\/td>\n<td>Manager: Milan Petran<\/td>\n<\/tr>\n<tr>\n<td>Liptovsk\u00fd Mikul\u00e1\u0161<\/td>\n<td>Mobil: +421 911 575250<\/td>\n<\/tr>\n<tr>\n<td>SLOVAKIA<\/td>\n<td>mail: <a title=\"posla\u0165 spr\u00e1vu\" href=\"mailto: milan@petran.sk\">milan@petran.sk<\/a><\/td>\n<\/tr>\n<tr>\n<td><\/td>\n<td><\/td>\n<\/tr>\n<tr>\n<td>\n<h2>Penzion ROTUNDA<\/h2>\n<\/td>\n<td>Telef\u00f3n: +421 44 5522801<\/td>\n<\/tr>\n<tr>\n<td>N\u00e1mestie mieru 3<\/td>\n<td>Manager: Jaroslav Petran<\/td>\n<\/tr>\n<tr>\n<td>Liptovsk\u00fd Mikul\u00e1\u0161<\/td>\n<td>Mobil: +421 902 609596<\/td>\n<\/tr>\n<tr>\n<td>SLOVAKIA<\/td>\n<td>mail: <a title=\"posla\u0165 spr\u00e1vu\" href=\"mailto: jaroslav@petran.sk\">jaroslav@petran.sk<\/a><\/td>\n<\/tr>\n<tr>\n<td><\/td>\n<td><\/td>\n<\/tr>\n<tr>\n<td>\n<h2>LIBERTY Caffe<\/h2>\n<\/td>\n<td>Telef\u00f3n:<\/td>\n<\/tr>\n<tr>\n<td>N\u00e1mestie oslobodite\u013eov 4<\/td>\n<td>Manager: Jaroslav Petran jun.<\/td>\n<\/tr>\n<tr>\n<td>Liptovsk\u00fd Mikul\u00e1\u0161<\/td>\n<td>Mobil: +421 903 691224<\/td>\n<\/tr>\n<tr>\n<td>SLOVAKIA<\/td>\n<td>mail: <a title=\"posla\u0165 spr\u00e1vu\" href=\"mailto: junior@petran.sk\">junior@petran.sk<\/a><\/td>\n<\/tr>\n<\/tbody>\n<\/table>\n<p>\t\n\t<!-- Start Google Routeplanner Plugin Output -->\n<script type=\"text\/javascript\">var language_1 = 'sk';\nvar autofill_1 = 2;\nvar type_control_1 = 'DEFAULT';\nvar pan_control_1 = 'true';\nvar zoom_control_1 = 'DEFAULT';\nvar map_type_1 = 'ROADMAP';\nvar zoom_1 = 16;\nvar map_height_unit_1 = 'px';\nvar map_height_1 = 400;\nvar map_width_unit_1 = 'px';\nvar map_width_1 = 600;\nvar destination_1 = 'Re\u0161taur\u00e1cia Rotunda, N\u00e1mestie oslobodite\u013eov 63\/4, 031 01 Liptovsk\u00fd Mikul\u00e1\u0161';\n<\/script><script type=\"text\/javascript\" src=\"http:\/\/maps.google.com\/maps\/api\/js?key=AIzaSyAXaKU-l0cg1jwTMZohE0qnNzVGcO18dNs&amp;sensor=false&amp;language=sk\"><\/script>\n<script type=\"text\/javascript\" src=\"http:\/\/www.penzionrotunda.sk\/wp-content\/plugins\/google-routeplaner\/google-routeplaner-main-js.php?plan_id=1\"><\/script>\n<form action=\"#\" onsubmit=\"calcRoute1(); return false\">\n\t <div id=\"map_controls1\" class=\"google_map_controls\"><label for=\"fromAddress1\">Your location<\/label> <input type=\"text\" size=\"25\" id=\"fromAddress1\" name=\"from\" value=\"\"\/><input name=\"calc\" type=\"submit\" value=\"Calculate route\" \/><\/div>\n\t <div id=\"map_canvas1\" class=\"google_map_canvas\" style=\"overflow: hidden; width: 600px; height: 400px;\"><\/div>\n\t <div id=\"map_directions1\" class=\"google_map_directions\"><\/div>\n\t<\/form>\n<script type=\"text\/javascript\" src=\"http:\/\/www.penzionrotunda.sk\/wp-content\/plugins\/google-routeplaner\/google-routeplaner-js.php?plan_id=1&autofill=2\"><\/script>\n<!-- End Google Routeplanner Plugin Output --><p>\n<\/p>\n","protected":false},"excerpt":{"rendered":"<p>Re\u0161taur\u00e1cia ROTUNDA Telef\u00f3n: +421 44 5526644 N\u00e1mestie mieru 3 Manager: Milan Petran Liptovsk\u00fd Mikul\u00e1\u0161 Mobil: +421 911 575250 SLOVAKIA mail: milan@petran.sk Penzion ROTUNDA Telef\u00f3n: +421 44 5522801 N\u00e1mestie mieru 3 Manager: Jaroslav Petran Liptovsk\u00fd Mikul\u00e1\u0161 Mobil: +421 902 609596 SLOVAKIA mail: jaroslav@petran.sk LIBERTY Caffe Telef\u00f3n: N\u00e1mestie oslobodite\u013eov 4 Manager: Jaroslav Petran jun. Liptovsk\u00fd Mikul\u00e1\u0161 Mobil: [&hellip;]<\/p>\n","protected":false},"author":1,"featured_media":0,"parent":0,"menu_order":5,"comment_status":"closed","ping_status":"closed","template":"","meta":{"ngg_post_thumbnail":0},"_links":{"self":[{"href":"https:\/\/www.penzionrotunda.sk\/index.php?rest_route=\/wp\/v2\/pages\/39"}],"collection":[{"href":"https:\/\/www.penzionrotunda.sk\/index.php?rest_route=\/wp\/v2\/pages"}],"about":[{"href":"https:\/\/www.penzionrotunda.sk\/index.php?rest_route=\/wp\/v2\/types\/page"}],"author":[{"embeddable":true,"href":"https:\/\/www.penzionrotunda.sk\/index.php?rest_route=\/wp\/v2\/users\/1"}],"replies":[{"embeddable":true,"href":"https:\/\/www.penzionrotunda.sk\/index.php?rest_route=%2Fwp%2Fv2%2Fcomments&post=39"}],"version-history":[{"count":149,"href":"https:\/\/www.penzionrotunda.sk\/index.php?rest_route=\/wp\/v2\/pages\/39\/revisions"}],"predecessor-version":[{"id":1605,"href":"https:\/\/www.penzionrotunda.sk\/index.php?rest_route=\/wp\/v2\/pages\/39\/revisions\/1605"}],"wp:attachment":[{"href":"https:\/\/www.penzionrotunda.sk\/index.php?rest_route=%2Fwp%2Fv2%2Fmedia&parent=39"}],"curies":[{"name":"wp","href":"https:\/\/api.w.org\/{rel}","templated":true}]}}