{"id":185006,"date":"2026-05-04T14:47:30","date_gmt":"2026-05-04T13:47:30","guid":{"rendered":"https:\/\/www.penzionrotunda.sk\/?page_id=185006"},"modified":"2026-05-04T14:47:30","modified_gmt":"2026-05-04T13:47:30","slug":"planovanie-jedla-potraviny-ktorym-sa-treba-vyhnut-pri-pouzivani-vigory","status":"publish","type":"page","link":"https:\/\/www.penzionrotunda.sk\/?page_id=185006","title":{"rendered":"Pl\u00e1novanie jedla: Potraviny, ktor\u00fdm sa treba vyhn\u00fa\u0165 pri pou\u017e\u00edvan\u00ed Vigory"},"content":{"rendered":"<h1>Pl\u00e1novanie v\u00edkendu s Vigorou: na\u010dasovanie, jedlo a alkohol<\/h1>\n<p>Komplexn\u00fd sprievodca pre efekt\u00edvnu integr\u00e1ciu Vigory do va\u0161ich v\u00edkendov\u00fdch pl\u00e1nov, zah\u0155\u0148aj\u00faci na\u010dasovanie, stravovacie \u00favahy, interakciu s alkoholom a bezpe\u010dnostn\u00e9 tipy.<\/p>\n<h2>Pochopenie Vigora: \u010co to je a ako to funguje<\/h2>\n<p>Vigora je liek be\u017ene pou\u017e\u00edvan\u00fd na lie\u010dbu erektilnej dysfunkcie u mu\u017eov. Jeho akt\u00edvna zlo\u017eka, sildenafil citr\u00e1t, p\u00f4sob\u00ed tak, \u017ee zvy\u0161uje prietok krvi do penisu po\u010das sexu\u00e1lnej stimul\u00e1cie, \u010do vedie k erekcii. Inhib\u00edciou enz\u00fdmu fosfodiester\u00e1zy typu 5 (PDE5) umo\u017e\u0148uje Vigora zv\u00fd\u0161i\u0165 hladiny cyklick\u00e9ho guanoz\u00ednmonofosf\u00e1tu (cGMP), ktor\u00fd u\u013eah\u010duje relax\u00e1ciu hladk\u00e9ho svalstva a prietok krvi.<\/p>\n<p>\u00da\u010dinky sildenafilu na erektiln\u00fa dysfunkciu, p\u00f4vodne vyvinut\u00fd na boles\u0165 na hrudn\u00edku s\u00favisiacu so srdcom, boli objaven\u00e9 n\u00e1hodne. Odvtedy sa stala \u0161iroko predpisovanou mo\u017enos\u0165ou lie\u010dby. Pochopenie toho, ako Vigora funguje, je k\u013e\u00fa\u010dov\u00e9 pre ka\u017ed\u00e9ho, kto uva\u017euje o jej pou\u017eit\u00ed, preto\u017ee v\u00e1m umo\u017e\u0148uje robi\u0165 informovan\u00e9 rozhodnutia o jej na\u010dasovan\u00ed a interakci\u00e1ch s jedlom a alkoholom.<\/p>\n<h2>Ide\u00e1lne na\u010dasovanie, ke\u010f si vezmete Vigoru cez v\u00edkend<\/h2>\n<p>Na\u010dasovanie pod\u00e1vania Vigory je nevyhnutn\u00e9 pre optimaliz\u00e1ciu jej \u00fa\u010dinnosti. Zvy\u010dajne sa odpor\u00fa\u010da u\u017ei\u0165 liek 30 a\u017e 60 min\u00fat pred sexu\u00e1lnou aktivitou. Jeho \u00fa\u010dinky v\u0161ak m\u00f4\u017eu trva\u0165 a\u017e \u0161tyri hodiny, \u010do poskytuje pr\u00edle\u017eitos\u0165 na spont\u00e1nnos\u0165.<\/p>\n<p>Pri pl\u00e1novan\u00ed v\u00edkendu, ktor\u00fd zah\u0155\u0148a Vigoru, je rozumn\u00e9 predv\u00edda\u0165 na\u010dasovanie udalost\u00ed a jed\u00e1l. Zos\u00faladen\u00edm pr\u00edjmu lieku s va\u0161imi aktivitami m\u00f4\u017eete zabezpe\u010di\u0165, \u017ee jeho \u00fa\u010dinky bud\u00fa v pr\u00edpade potreby na vrchole. T\u00e1to predv\u00eddavos\u0165 pom\u00e1ha vyhn\u00fa\u0165 sa zbyto\u010dn\u00e9mu stresu a zlep\u0161uje celkov\u00fd z\u00e1\u017eitok.<\/p>\n<h2>Pl\u00e1novanie jedla: Potraviny, ktor\u00fdm sa treba vyhn\u00fa\u0165 pri pou\u017e\u00edvan\u00ed Vigory<\/h2>\n<p>Po\u010das pou\u017e\u00edvania Vigory m\u00f4\u017ee v\u00fdber stravy v\u00fdrazne ovplyvni\u0165 jej \u00fa\u010dinnos\u0165. Pri u\u017e\u00edvan\u00ed lieku je vhodn\u00e9 vyh\u00fdba\u0165 sa \u0165a\u017ek\u00fdm tu\u010dn\u00fdm jedl\u00e1m, ktor\u00e9 m\u00f4\u017eu spomali\u0165 jeho vstreb\u00e1vanie a n\u00e1stup \u00fa\u010dinku. Tak\u00e9to jedl\u00e1 m\u00f4\u017eu oddiali\u0165 po\u017eadovan\u00e9 v\u00fdsledky, \u010do vedie k frustr\u00e1cii.<\/p>\n<p>Rozhodnite sa pre \u013eah\u0161ie jedl\u00e1, najm\u00e4 tie bohat\u00e9 na ovocie, zeleninu a chud\u00e9 bielkoviny, ktor\u00e9 nenar\u00fa\u0161aj\u00fa vstreb\u00e1vanie lieku. Okrem toho zv\u00e1\u017ete spr\u00e1vne na\u010dasovanie jedla, pri\u010dom medzi jedlom a u\u017eit\u00edm Vigory ponechajte aspo\u0148 dvojhodinov\u00fa prest\u00e1vku, aby ste zaistili optim\u00e1lne v\u00fdsledky.<\/p>\n<h2>Vplyv \u0165a\u017ek\u00fdch jed\u00e1l na \u00fa\u010dinnos\u0165 Vigory<\/h2>\n<p>\u0164a\u017ek\u00e9 jedl\u00e1, najm\u00e4 tie s vysok\u00fdm obsahom tukov, m\u00f4\u017eu ma\u0165 tlmiaci \u00fa\u010dinok na v\u00fdkon Vigory. Ke\u010f je telo zanepr\u00e1zdnen\u00e9 tr\u00e1ven\u00edm ve\u013ek\u00e9ho jedla, prietok krvi sa presmeruje do tr\u00e1viaceho syst\u00e9mu, \u010d\u00edm sa zn\u00ed\u017ei mno\u017estvo dostupn\u00e9 pre oblas\u0165 penisu. To m\u00f4\u017ee vies\u0165 k menej uspokojiv\u00e9mu z\u00e1\u017eitku.<\/p>\n<p>Aby ste sa vyhli tomuto probl\u00e9mu, napl\u00e1nujte si aktivity a jedl\u00e1 vopred. Pochopenie reakcie tela na r\u00f4zne druhy potrav\u00edn v\u00e1m m\u00f4\u017ee pom\u00f4c\u0165 lep\u0161ie sa rozhodn\u00fa\u0165, zv\u00fd\u0161i\u0165 \u00fa\u010dinnos\u0165 Vigora a zabezpe\u010di\u0165 pr\u00edjemn\u00fd z\u00e1\u017eitok.<\/p>\n<h2>Konzum\u00e1cia alkoholu: \u010co robi\u0165 a \u010do nerobi\u0165 s Vigorou<\/h2>\n<p>Alkohol a Vigora m\u00f4\u017ee by\u0165 zlo\u017eit\u00e1 kombin\u00e1cia. Zatia\u013e \u010do mierna konzum\u00e1cia alkoholu nemus\u00ed v\u00e1\u017ene ovplyvni\u0165 \u00fa\u010dinnos\u0165 lieku, nadmern\u00e9 pitie m\u00f4\u017ee vies\u0165 k ne\u017eiaducim ved\u013eaj\u0161\u00edm \u00fa\u010dinkom. Alkohol je tlmiv\u00fd a m\u00f4\u017ee p\u00f4sobi\u0165 proti zam\u00fd\u0161\u013ean\u00fdm \u00fa\u010dinkom Vigory, \u010do vedie k zn\u00ed\u017eeniu v\u00fdkonu.<\/p>\n<p>Najlep\u0161ie je obmedzi\u0165 pr\u00edjem <a href=\"https:\/\/lekarneonline.net\/vigora-bez-predpisu\">Vigora 100mg N\u00e1klady<\/a> alkoholu na jeden alebo dva n\u00e1poje, ak pl\u00e1nujete u\u017e\u00edva\u0165 Vigoru. Zosta\u0165 hlboko pod nadmern\u00fdmi hladinami zais\u0165uje, \u017ee liek \u00fa\u010dinkuje efekt\u00edvne bez dodato\u010dn\u00e9ho rizika bolesti hlavy, z\u00e1vratov alebo poklesu krvn\u00e9ho tlaku, ku ktor\u00e9mu m\u00f4\u017ee d\u00f4js\u0165 pri vy\u0161\u0161ej konzum\u00e1cii alkoholu.<\/p>\n<h2>Vyv\u00e1\u017ei\u0165 energick\u00fa noc: Tipy na \u00faspech<\/h2>\n<p>Ak va\u0161e v\u00edkendov\u00e9 pl\u00e1ny zah\u0155\u0148aj\u00fa no\u010dn\u00fd v\u00fdlet, zv\u00e1\u017ete, ako m\u00f4\u017eete vyv\u00e1\u017ei\u0165 spolo\u010densk\u00e9 aktivity s pou\u017e\u00edvan\u00edm Vigory. Za\u010dnite t\u00fdm, \u017ee si ve\u010der napl\u00e1nujete pod\u013ea odpor\u00fa\u010dan\u00e9ho na\u010dasovania na u\u017e\u00edvanie liekov. To m\u00f4\u017ee znamena\u0165, \u017ee u\u017eite Vigoru tesne pred odchodom alebo po \u013eahkom jedle.<\/p>\n<p>D\u00e1vajte si pozor na pr\u00edjem alkoholu a vyberajte si aktivity, ktor\u00e9 umo\u017e\u0148uj\u00fa flexibilitu a relax\u00e1ciu. Pam\u00e4tajte, \u017ee liek nevyvol\u00e1va okam\u017eit\u00fd \u00fa\u010dinok, ale sk\u00f4r zvy\u0161uje prirodzen\u00e9 vzru\u0161enie, preto udr\u017eiavajte s partnerom otvoren\u00fa komunik\u00e1ciu, aby ste si zaistili z\u00e1\u017eitok bez stresu.<\/p>\n<h2>Vigora a hydrat\u00e1cia: D\u00f4le\u017eitos\u0165 a odpor\u00fa\u010dania<\/h2>\n<p>Hydrat\u00e1cia zohr\u00e1va k\u013e\u00fa\u010dov\u00fa \u00falohu pri udr\u017eiavan\u00ed \u00fa\u010dinnosti Vigora. Dostato\u010dn\u00fd pr\u00edjem vody zabezpe\u010duje, \u017ee telo dok\u00e1\u017ee liek spr\u00e1vne spracova\u0165 a absorbova\u0165. Dehydrat\u00e1cia m\u00f4\u017ee zhor\u0161i\u0165 ved\u013eaj\u0161ie \u00fa\u010dinky, ako s\u00fa bolesti hlavy a z\u00e1vraty, \u010do zni\u017euje z\u00e1\u017eitok.<\/p>\n<p>Aby ste sa vyhli dehydrat\u00e1cii, pite vodu pravidelne po\u010das d\u0148a, najm\u00e4 ak konzumujete alkohol. Zosta\u0165 hydratovan\u00fd podporuje celkov\u00e9 zdravie a m\u00f4\u017ee zv\u00fd\u0161i\u0165 \u00fa\u010dinnos\u0165 Vigora, \u010do v\u00e1m umo\u017en\u00ed naplno si u\u017ei\u0165 v\u00edkend.<\/p>\n<h2>Kombin\u00e1cia Vigory s in\u00fdmi liekmi: Bezpe\u010dnostn\u00e9 pokyny<\/h2>\n<p>Pred u\u017eit\u00edm Vigory je nevyhnutn\u00e9 zv\u00e1\u017ei\u0165 ak\u00e9ko\u013evek in\u00e9 lieky, ktor\u00e9 m\u00f4\u017eete u\u017e\u00edva\u0165. Niektor\u00e9 lieky m\u00f4\u017eu negat\u00edvne interagova\u0165 so sildenafilom, \u010do vedie k ne\u017eiaducim reakci\u00e1m. Napr\u00edklad dusi\u010dnany, ktor\u00e9 sa \u010dasto predpisuj\u00fa na boles\u0165 na hrudn\u00edku, m\u00f4\u017eu v kombin\u00e1cii s Vigorou sp\u00f4sobi\u0165 nebezpe\u010dn\u00fd pokles krvn\u00e9ho tlaku.<\/p>\n<p>Pora\u010fte sa s poskytovate\u013eom zdravotnej starostlivosti, aby ste skontrolovali svoje s\u00fa\u010dasn\u00e9 lieky. Tento krok je rozhoduj\u00faci, aby ste predi\u0161li \u0161kodliv\u00fdm interakci\u00e1m a zabezpe\u010dili, \u017ee Vigora je bezpe\u010dnou vo\u013ebou pre va\u0161e v\u00edkendov\u00e9 pl\u00e1ny. Proakt\u00edvny pr\u00edstup k bezpe\u010dnosti m\u00f4\u017ee zabr\u00e1ni\u0165 komplik\u00e1ci\u00e1m a zabezpe\u010di\u0165 pozit\u00edvny z\u00e1\u017eitok.<\/p>\n<h2>D\u00e1vkovanie Vigora: \u010co potrebujete vedie\u0165 na v\u00edkend<\/h2>\n<p>Pochopenie vhodn\u00e9ho d\u00e1vkovania Vigory je nevyhnutn\u00e9 pre maximaliz\u00e1ciu jej v\u00fdhod. \u0160tandardn\u00e1 po\u010diato\u010dn\u00e1 d\u00e1vka je zvy\u010dajne 50 mg, ale m\u00f4\u017ee by\u0165 upraven\u00e1 na z\u00e1klade individu\u00e1lnej odpovede a tolerancie. Niektor\u00e9 m\u00f4\u017eu vy\u017eadova\u0165 ni\u017e\u0161iu d\u00e1vku 25 mg, zatia\u013e \u010do in\u00e9 m\u00f4\u017eu potrebova\u0165 maxim\u00e1lnu d\u00e1vku 100 mg.<\/p>\n<p>Pora\u010fte sa s poskytovate\u013eom zdravotnej starostlivosti, aby ste ur\u010dili najlep\u0161ie d\u00e1vkovanie pre va\u0161e potreby. Uistite sa, \u017ee dodr\u017eiavate ich pokyny a vyh\u00fdbajte sa prekro\u010deniu odpor\u00fa\u010danej d\u00e1vky, preto\u017ee to m\u00f4\u017ee zv\u00fd\u0161i\u0165 riziko ved\u013eaj\u0161\u00edch \u00fa\u010dinkov bez zv\u00fd\u0161enia \u00fa\u010dinnosti.<\/p>\n<h2>Potenci\u00e1lne ved\u013eaj\u0161ie \u00fa\u010dinky Vigory a ako ich zvl\u00e1dnu\u0165<\/h2>\n<p>Tak ako ka\u017ed\u00fd liek, aj Vigora m\u00f4\u017ee sp\u00f4sobova\u0165 ved\u013eaj\u0161ie \u00fa\u010dinky. Medzi be\u017en\u00e9 patria bolesti hlavy, n\u00e1valy hor\u00fa\u010davy, poruchy tr\u00e1venia a upchat\u00fd nos. Aj ke\u010f s\u00fa vo v\u0161eobecnosti mierne, je d\u00f4le\u017eit\u00e9 si ich uvedomi\u0165 a primerane ich zvl\u00e1da\u0165.<\/p>\n<p>Ak spozorujete ak\u00e9ko\u013evek z\u00e1va\u017en\u00e9 ved\u013eaj\u0161ie \u00fa\u010dinky, ako je boles\u0165 na hrudn\u00edku alebo pred\u013a\u017een\u00e1 erekcia (priapizmus), okam\u017eite vyh\u013eadajte lek\u00e1rsku pomoc. Pri miernych ved\u013eaj\u0161\u00edch \u00fa\u010dinkoch m\u00f4\u017ee poskytn\u00fa\u0165 \u00fa\u013eavu zosta\u0165 hydratovan\u00fd a odpo\u010d\u00edva\u0165. V\u017edy prediskutujte ak\u00e9ko\u013evek obavy s poskytovate\u013eom zdravotnej starostlivosti, aby ste zaistili bezpe\u010dn\u00e9 a efekt\u00edvne pou\u017e\u00edvanie.<\/p>\n<h2>Vigora a mo\u017enosti \u017eivotn\u00e9ho \u0161t\u00fdlu: Vyu\u017eite svoj v\u00edkend naplno<\/h2>\n<p>Za\u010dlenenie Vigory do v\u00e1\u0161ho v\u00edkendu neznamen\u00e1, \u017ee mus\u00edte drasticky zmeni\u0165 svoj \u017eivotn\u00fd \u0161t\u00fdl. Namiesto toho urobte informovan\u00e9 rozhodnutia, ktor\u00e9 zv\u00fd\u0161ia v\u00fdhody lieku. Zapojte sa do aktiv\u00edt, ktor\u00e9 podporuj\u00fa relax\u00e1ciu a intimitu, a vyh\u00fdbajte sa stresorom, ktor\u00e9 m\u00f4\u017eu odv\u00e1dza\u0165 pozornos\u0165 od z\u00e1\u017eitku.<\/p>\n<p>Zv\u00e1\u017ete svoju stravu, pr\u00edjem alkoholu a na\u010dasovanie, aby ste si vytvorili vyv\u00e1\u017een\u00fd v\u00edkendov\u00fd itiner\u00e1r. So starostliv\u00fdm pl\u00e1novan\u00edm a uvedomen\u00edm si m\u00f4\u017eete Vigoru vyu\u017ei\u0165 na maximum a u\u017ei\u0165 si nap\u013a\u0148aj\u00face a pr\u00edjemn\u00e9 chv\u00edle.<\/p>\n<h2>Be\u017en\u00e9 m\u00fdty o Vigore a alkohole odhalen\u00e9<\/h2>\n<p>Okolo interakcie medzi Vigorou a alkoholom koluje nieko\u013eko m\u00fdtov. Jednou z be\u017en\u00fdch myln\u00fdch predst\u00e1v je, \u017ee alkohol \u00faplne neguje \u00fa\u010dinky lieku. Zatia\u013e \u010do nadmern\u00e9 pitie m\u00f4\u017ee br\u00e1ni\u0165 jeho \u00fa\u010dinnosti, mierna konzum\u00e1cia vo v\u0161eobecnosti nepredstavuje v\u00fdznamn\u00fd probl\u00e9m.<\/p>\n<p>\u010eal\u0161\u00edm m\u00fdtom je, \u017ee Vigora m\u00f4\u017ee p\u00f4sobi\u0165 proti erektilnej dysfunkcii sp\u00f4sobenej alkoholom. V skuto\u010dnosti liek zvy\u0161uje fyziologick\u00e9 vzru\u0161enie, ale neodstra\u0148uje depres\u00edvne \u00fa\u010dinky alkoholu. Pochopenie t\u00fdchto m\u00fdtov m\u00f4\u017ee pom\u00f4c\u0165 nastavi\u0165 realistick\u00e9 o\u010dak\u00e1vania a podpori\u0165 zodpovedn\u00e9 pou\u017e\u00edvanie.<\/p>\n<h2>Pl\u00e1novanie romantick\u00e9ho v\u00edkendu s Vigorou: tipy a n\u00e1pady<\/h2>\n<p>Pl\u00e1novanie romantick\u00e9ho v\u00edkendu s Vigorou zah\u0155\u0148a viac ne\u017e len spr\u00e1vne na\u010dasovanie lie\u010dby. Vytvorte atmosf\u00e9ru, ktor\u00e1 podporuje intimitu a spojenie. Zv\u00e1\u017ete aktivity, ako je sc\u00e9nick\u00e1 prech\u00e1dzka, ve\u010dera pri svie\u010dkach alebo relaxa\u010dn\u00e9 k\u00fape\u013en\u00e9 sedenie na zlep\u0161enie n\u00e1lady.<\/p>\n<p>Komunik\u00e1cia s partnerom je k\u013e\u00fa\u010dom k tomu, aby sa obe strany c\u00edtili pohodlne a uvo\u013enene. Diskutujte o o\u010dak\u00e1vaniach a preferenci\u00e1ch a zosta\u0148te otvoren\u00ed flexibilite. Dobre napl\u00e1novan\u00fd v\u00edkend m\u00f4\u017ee posilni\u0165 v\u00e1\u0161 vz\u0165ah a vytvori\u0165 trval\u00e9 spomienky.<\/p>\n<h2>Sledovanie svojho zdravia: Kedy vyh\u013eada\u0165 lek\u00e1rsku pomoc<\/h2>\n<p>Zatia\u013e \u010do Vigora je vo v\u0161eobecnosti bezpe\u010dn\u00e1 pre v\u00e4\u010d\u0161inu mu\u017eov, sledovanie v\u00e1\u0161ho zdravia je d\u00f4le\u017eit\u00e9. Bu\u010fte si vedom\u00ed ak\u00fdchko\u013evek zmien vo va\u0161om tele alebo toho, ako sa c\u00edtite po\u010das u\u017e\u00edvania lieku. Ak spozorujete ak\u00e9ko\u013evek nezvy\u010dajn\u00e9 pr\u00edznaky, okam\u017eite sa pora\u010fte s poskytovate\u013eom zdravotnej starostlivosti.<\/p>\n<p>Pravideln\u00e9 kontroly m\u00f4\u017eu pom\u00f4c\u0165 v\u010das odhali\u0165 potenci\u00e1lne probl\u00e9my a zaisti\u0165, \u017ee Vigora zostane bezpe\u010dnou vo\u013ebou. Uprednost\u0148ovanie v\u00e1\u0161ho zdravia nielen\u017ee zvy\u0161uje \u00fa\u010dinnos\u0165 lieku, ale prispieva aj k celkovej pohode a du\u0161evnej pohode.<\/p>\n<h2>Dlhodob\u00e9 pou\u017e\u00edvanie Vigory: \u00favahy a prevent\u00edvne opatrenia<\/h2>\n<p>Pre t\u00fdch, ktor\u00ed zva\u017euj\u00fa dlhodob\u00e9 u\u017e\u00edvanie Vigory, je potrebn\u00e9 zv\u00e1\u017ei\u0165 nieko\u013eko faktorov. Pravideln\u00e9 pou\u017e\u00edvanie by sa malo prediskutova\u0165 s poskytovate\u013eom zdravotnej starostlivosti, aby sa pos\u00fadila jeho vhodnos\u0165 a aby sa sledovali pr\u00edpadn\u00e9 ved\u013eaj\u0161ie \u00fa\u010dinky alebo zmeny zdravotn\u00e9ho stavu.<\/p>\n<p>D\u00e1vajte pozor na faktory \u017eivotn\u00e9ho \u0161t\u00fdlu, ako je strava, cvi\u010denie a zvl\u00e1danie stresu, preto\u017ee m\u00f4\u017eu \u010dasom ovplyvni\u0165 \u00fa\u010dinnos\u0165 lieku. S vhodn\u00fdmi prevent\u00edvnymi opatreniami a pravideln\u00fdmi lek\u00e1rskymi konzult\u00e1ciami m\u00f4\u017ee by\u0165 dlhodob\u00e9 u\u017e\u00edvanie Vigory bezpe\u010dn\u00fdm a \u00fa\u010dinn\u00fdm sp\u00f4sobom zvl\u00e1dania erektilnej dysfunkcie.<\/p>\n","protected":false},"excerpt":{"rendered":"<p>Pl\u00e1novanie v\u00edkendu s Vigorou: na\u010dasovanie, jedlo a alkohol Komplexn\u00fd sprievodca pre efekt\u00edvnu integr\u00e1ciu Vigory do va\u0161ich v\u00edkendov\u00fdch pl\u00e1nov, zah\u0155\u0148aj\u00faci na\u010dasovanie, stravovacie \u00favahy, interakciu s alkoholom a bezpe\u010dnostn\u00e9 tipy. Pochopenie Vigora: \u010co to je a ako to funguje Vigora je liek be\u017ene pou\u017e\u00edvan\u00fd na lie\u010dbu erektilnej dysfunkcie u mu\u017eov. Jeho akt\u00edvna zlo\u017eka, sildenafil citr\u00e1t, p\u00f4sob\u00ed tak, [&hellip;]<\/p>\n","protected":false},"author":1,"featured_media":0,"parent":0,"menu_order":0,"comment_status":"closed","ping_status":"closed","template":"","meta":{"ngg_post_thumbnail":0},"_links":{"self":[{"href":"https:\/\/www.penzionrotunda.sk\/index.php?rest_route=\/wp\/v2\/pages\/185006"}],"collection":[{"href":"https:\/\/www.penzionrotunda.sk\/index.php?rest_route=\/wp\/v2\/pages"}],"about":[{"href":"https:\/\/www.penzionrotunda.sk\/index.php?rest_route=\/wp\/v2\/types\/page"}],"author":[{"embeddable":true,"href":"https:\/\/www.penzionrotunda.sk\/index.php?rest_route=\/wp\/v2\/users\/1"}],"replies":[{"embeddable":true,"href":"https:\/\/www.penzionrotunda.sk\/index.php?rest_route=%2Fwp%2Fv2%2Fcomments&post=185006"}],"version-history":[{"count":1,"href":"https:\/\/www.penzionrotunda.sk\/index.php?rest_route=\/wp\/v2\/pages\/185006\/revisions"}],"predecessor-version":[{"id":185008,"href":"https:\/\/www.penzionrotunda.sk\/index.php?rest_route=\/wp\/v2\/pages\/185006\/revisions\/185008"}],"wp:attachment":[{"href":"https:\/\/www.penzionrotunda.sk\/index.php?rest_route=%2Fwp%2Fv2%2Fmedia&parent=185006"}],"curies":[{"name":"wp","href":"https:\/\/api.w.org\/{rel}","templated":true}]}}